7?
True
Is 30 a factor of 228697?
False
Does 19 divide 865946?
False
Is 883599 a multiple of 171?
False
Does 18 divide 100690?
False
Is 326 a factor of 1911979?
False
Is 244662 a multiple of 43?
False
Does 6 divide 222336?
True
Is 13374848 a multiple of 128?
True
Is 48 a factor of 653493?
False
Is 202 a factor of 1410162?
True
Does 30 divide 100915?
False
Does 52 divide 1155232?
True
Does 11 divide 1205413?
True
Is 113 a factor of 321163?
False
Is 44 a factor of 330241?
False
Does 10 divide 477870?
True
Is 933144 a multiple of 32?
False
Is 587657 a multiple of 11?
False
Does 60 divide 15720?
True
Is 11 a factor of 256383?
False
Does 100 divide 447177?
False
Is 90 a factor of 2390541?
False
Is 139920 a multiple of 424?
True
Does 6 divide 8670190?
False
Is 14 a factor of 895775?
False
Does 9 divide 58643?
False
Is 221581 a multiple of 42?
False
Is 1643085 a multiple of 5?
True
Is 14582106 a multiple of 10?
False
Is 343615 a multiple of 93?
False
Does 26 divide 1034098?
True
Does 418 divide 10664434?
True
Is 3228708 a multiple of 1292?
True
Does 6 divide 108038?
False
Is 237298 a multiple of 474?
False
Does 63 divide 8724681?
True
Does 3 divide 435804?
True
Is 715187 a multiple of 11?
True
Is 5 a factor of 322217?
False
Is 748800 a multiple of 100?
True
Does 57 divide 259577?
False
Does 14 divide 2688?
True
Is 3 a factor of 12914?
False
Is 748722 a multiple of 174?
True
Is 658432 a multiple of 512?
True
Is 2545061 a multiple of 1277?
True
Is 4949600 a multiple of 16?
True
Is 188230 a multiple of 16?
False
Does 27 divide 35080?
False
Does 18 divide 3262226?
False
Does 102 divide 44778?
True
Is 9 a factor of 23014703?
False
Is 21 a factor of 18165?
True
Does 3 divide 90297?
True
Is 101 a factor of 152391?
False
Is 267648 a multiple of 16?
True
Is 7 a factor of 97692?
True
Is 645540 a multiple of 5?
True
Does 285 divide 2265?
False
Does 4 divide 59048?
True
Does 36 divide 20059416?
True
Is 37 a factor of 221034?
False
Is 14 a factor of 322862?
False
Is 7433128 a multiple of 86?
False
Does 660 divide 453420?
True
Does 70 divide 1544041?
False
Does 7 divide 40626?
False
Is 28 a factor of 20154?
False
Is 78551 a multiple of 37?
True
Does 42 divide 22764?
True
Is 711256 a multiple of 13?
True
Does 152 divide 46056?
True
Is 111054 a multiple of 166?
True
Is 45843 a multiple of 111?
True
Does 42 divide 408837?
False
Is 11 a factor of 1988745?
True
Does 1102 divide 3151553?
False
Is 110 a factor of 3790355?
False
Is 277485 even?
False
Does 8 divide 1899432?
True
Does 99 divide 4632210?
True
Is 23 a factor of 23706?
False
Does 15 divide 5588385?
True
Does 15 divide 54285?
True
Is 3 a factor of 26635?
False
Is 42 a factor of 48510?
True
Does 6 divide 222041?
False
Is 34 a factor of 6357524?
True
Is 116 a factor of 3051264?
True
Does 847 divide 12880329?
True
Does 14 divide 791126?
True
Is 21231408 a multiple of 237?
True
Is 21840 a multiple of 3?
True
Is 223329 a multiple of 87?
True
Is 89 a factor of 8176?
False
Is 365646 a multiple of 818?
True
Is 6250 a multiple of 234?
False
Is 54 a factor of 64558?
False
Is 14932 a multiple of 116?
False
Is 11 a factor of 120868?
True
Does 57 divide 6965695?
False
Is 272 a factor of 6571060?
False
Does 211 divide 268645?
False
Does 10 divide 103462?
False
Is 34166887 a multiple of 160?
False
Is 10 a factor of 195630?
True
Is 507 a factor of 5841147?
True
Is 7 a factor of 855879?
False
Is 2224482 a multiple of 361?
True
Does 31 divide 556667?
True
Does 98 divide 305765?
False
Is 40 a factor of 35884?
False
Is 87285 a multiple of 162?
False
Is 341603 a multiple of 69?
False
Does 12 divide 3894096?
True
Does 120 divide 29520?
True
Is 16 a factor of 246797?
False
Is 432604 a multiple of 37?
True
Does 121 divide 172193?
False
Is 76835 a multiple of 41?
False
Is 76 a factor of 65208?
True
Is 476276 a multiple of 176?
False
Is 186648 a multiple of 28?
True
Is 33 a factor of 29861?
False
Does 6 divide 313002?
True
Is 1569720 a multiple of 824?
True
Does 123 divide 159241?
False
Is 2886429 a multiple of 327?
True
Is 18 a factor of 1681632?
True
Is 32 a factor of 6367968?
True
Does 221 divide 260780?
True
Does 124 divide 3499884?
False
Does 2 divide 26480?
True
Does 144 divide 2798453?
False
Is 15 a factor of 1794630?
True
Is 486657 a multiple of 3?
True
Is 332 a factor of 134283?
False
Is 319017 a multiple of 10?
False
Is 71208 a multiple of 72?
True
Is 1844190 a multiple of 45?
True
Does 58 divide 4073424?
False
Does 46 divide 154468?
True
Does 33 divide 895126?
False
Is 218 a factor of 676672?
True
Is 1092 a factor of 1512420?
True
Is 4648015 a multiple of 5?
True
Is 68430 a multiple of 15?
True
Does 25 divide 630375?
True
Is 52431 a multiple of 4?
False
Does 146 divide 88039?
False
Is 81 a factor of 14003642?
False
Is 9 a factor of 635211?
True
Is 1256869 a multiple of 178?
False
Is 61239 a multiple of 74?
False
Is 3418762 a multiple of 8?
False
Does 8 divide 63928?
True
Is 407 a factor of 95306?
False
Is 142 a factor of 76112?
True
Is 404181 a multiple of 60?
False
Does 641 divide 636513?
True
Does 414 divide 6047053?
False
Does 2456 divide 11941072?
True
Is 8 a factor of 7944?
True
Is 431756 a multiple of 23?
True
Does 18 divide 6474439?
False
Is 11532 a multiple of 12?
True
Is 235963 a multiple of 91?
True
Is 108 a factor of 13973501?
False
Does 97 divide 774216?
False
Is 6935 a multiple of 95?
True
Is 3007475 a multiple of 25?
True
Does 195 divide 2339147?
False
Does 36 divide 180572?
False
Is 3 a factor of 323300?
False
Is 17 a factor of 366326?
False
Is 65 a factor of 168476?
False
Does 51 divide 6982566?
False
Is 104 a factor of 12450844?
False
Is 16159178 a multiple of 21?
False
Is 8266478 a multiple of 2108?
False
Is 14 a factor of 5852?
True
Is 201213 a multiple of 12?
False
Is 28 a factor of 2021292?
True
Is 16 a factor of 1017712?
True
Does 137 divide 14389932?
True
Is 53 a factor of 785672?
True
Does 1373 divide 294201?
False
Is 57 a factor of 401518?
False
Does 190 divide 4554300?
True
Does 273 divide 433524?
True
Is 16 a factor of 5217238?
False
Is 10 a factor of 4304922?
False
Does 692 divide 1148720?
True
Is 14 a factor of 3486?
True
Is 8 a factor of 974045?
False
Is 3524020 a multiple of 5?
True
Is 11487801 a multiple of 13?
True
Is 31 a factor of 420217?
False
Is 189 a factor of 1656018?
True
Does 348 divide 3820097?
False
Is 138 a factor of 350106?
True
Does 643 divide 259931?
False
Is 44191 a multiple of 59?
True
Does 95 divide 122372?
False
Does 2 divide 34633?
False
Is 71 a factor of 659164?
True
Is 19 a factor of 832426?
False
Is 4215549 a multiple of 485?
False
Is 6 a factor of 184224?
True
Is 655605 a multiple of 94?
False
Is 15 a factor of 3976173?
False
Is 8902746 a multiple of 61?
False
Does 5 divide 130515?
True
Does 4 divide 355144?
True
Is 108441 a multiple of 45?
False
Is 1097068 a multiple of 25?
False
Does 83 divide 195880?
True
Is 13 a factor of 526929?
True
Does 11 divide 2202981?
True
Is 1802216 a multiple of 104?
True
Is 351696 a multiple of 102?
True
Does 3 divide 186042?
True
Is 260901 a multiple of 273?
False
Is 123 a factor of 26199?
True
Does 9 divide 2644545?
False
Is 9 a factor of 97200?
True
Is 17765057 a multiple of 25?
False
Is 473213 a multiple of 13?
True
Is 217399 a multiple of 13?
True
Is 145 a factor of 572177?
False
Is 195673 a multiple of 419?
True
Is 98 a factor of 423187?
False
Does 15 divide 298035?
True
Is 36 a factor of 791370?
False
Is 14 a factor of 3125934?
True
Is 198360 a multiple of 120?
True
Is 72 a factor of 58050?
False
Is 466 a factor of 895230?
False
Does 40 divide 298880?
True
Is 9951 a multiple of 93?
True
Is 417391 a multiple of 13?
True
Is 879 a factor of 13938303?
True
Is 13800481 a multiple of 1038?
False
Is 997920 a multiple of 330?
True
Does 350 divide 3677117?
False
Is 164 a factor of 90178?
False
Is 29 a factor of 24128?
True
Is 7471422 a multiple of 903?
True
Is 15755179 a multiple of 152?
False
Does 21 divide 295613?
False
Does 2 divide 542444?
True
Is 924833 a multiple of 13?
True
Is 9 a factor of 62025?
False
Is 6 a factor of 88?
False
Is 704844 a multiple of 18?
True
Does 12 divide 14663?
False
Is 433 a factor of 251140?
True
Does 121 divide 295072?
False
Does 20 divide 52140?
True
Is 54 a factor of 482868?
True
Does 719 divide 6035027